16. Let f(h) = 2*h - h + 5 - w. Let q be 25/10*((-8)/28 + (-108)/210). Calculate f(q).
-1
Let f(s) be the first derivative of -s**3/3 + 3*s**2 - 9*s - 4. Suppose -14*v = 5*v - 114. What is f(v)?
-9
Let c(p) = -3*p + 2. Let n(x) = 2*x**3 + 2*x**2 - 10*x - 1. Let s be n(2). What is c(s)?
-7
Suppose o = -3*o + f - 1, 5*f - 20 = 5*o. Let d(m) = -4*m - 3 + 8 - o - 8 - m**2. Calculate d(-4).
-4
Suppose -3*z = 4*z + 49. Let y(r) = 14*r**2 - 1. Let x be y(1). Let i = x + z. Let v(g) = g - 12. Calculate v(i).
-6
Let r(h) = 12*h + 1. Let f(v) = -30*v**2. Let t be f(1). Let w = 29 + t. What is r(w)?
-11
Let p(t) = 19*t + 9. Let l(i) = 100*i + 46. Let g(w) = -3*l(w) + 16*p(w). Calculate g(2).
14
Let v(f) be the first derivative of f**2 - 5*f - 2. Let g = -109 + 105. Determine v(g).
-13
Let p(s) = -2*s**3 + s + 1. Let i(d) = d**3 + d**2 - d - 9. Let n be i(0). Let j = 7 + n. Let b be (-1 - 3)*j/(-8). Determine p(b).
2
Let l(h) = 13*h**2 + h. Suppose -2*v + 7 = -y - 0, -2*y + v = -1. Suppose 0*w + y = 3*w. Give l(w).
14
Let y(k) = 137*k + k**2 - 2 - 278*k + 143*k. Let l be 0/(-3*(-2)/3). Suppose -2*m - m + 28 = -5*a, -3*a + 3*m - 18 = l. Determine y(a).
13
Let z be (-93)/(-15) - 3/15. Let f(n) = -2*n**2 + 12*n. Let w be f(z). Let d(x) be the third derivative of x**5/60 + x**3/6 - 5*x**2. What is d(w)?
1
Let x(w) be the third derivative of -1/60*w**5 + 0 + 1/24*w**4 + 0*w - w**3 - 12*w**2. Calculate x(0).
-6
Let y(l) = l**2 + 11*l - 8. Suppose -54 = -6*o + 12*o. Determine y(o).
-26
Let u(q) = -4*q - 11. Let p(c) = 3*c + 10. Let w(z) = 3*p(z) + 2*u(z). Let t be 8/76 + 8/(-76). What is w(t)?
8
Let z(y) = -y**2 + 5*y. Let x = -54 - -28. Let g = x - -31. Let l(p) = 2*p**2 - 9*p - 1. Let h(a) = g*z(a) + 2*l(a). What is h(6)?
4
Let g(f) = 27*f + 3. Let a = -2720 - -2721. Give g(a).
30
Let h(u) = -u**2 + 4*u + 2. Suppose -2 = -11*z + 10*z. Suppose -y - 3 = -0*i - 4*i, -z*i + 29 = 5*y. Calculate h(y).
-3
Let j = 17 - 4. Let f = 18 - j. Let d(u) = 2*u - 6. Give d(f).
4
Let l(c) = -4*c - 97. Let k(b) = 4*b**2 - 52*b - 143. Let r be k(15). Determine l(r).
-5
Suppose 6*l - 3*l - 47 = -a, -3*a = -3*l + 63. Let j(x) = 2*x - 8 - 7 + l - x**2. Let p be 3/(2/(-4)*-2). Determine j(p).
-1
Let x = 0 - -13. Suppose 2*m = 5*j - x, 3 - 1 = 2*m - 2*j. Let t(l) = m*l**3 + 6*l - 2*l**3 - 5*l. What is t(-1)?
-5
Let n(r) = -4*r - 1. Let t(x) = 6*x + 2. Let b(s) = -8*n(s) - 5*t(s). Let d(p) = -114*p + 345. Let i be d(3). Calculate b(i).
4
Let p(q) = 6*q - 10. Let a(t) = -5*t + 9. Let v(n) = -5*a(n) - 4*p(n). Suppose -3*y + 7*y + 4*f - 12 = 0, 2*f = -5*y + 27. Calculate v(y).
2
Suppose 4*r = -p + 2*p + 4, 5*r - 5 = 2*p. Let x(z) = z**3 - z**2 - z + 25. Determine x(p).
25
Suppose 0 = -2*n + 4*g + 4, 3*g - 11 + 5 = -3*n. Let k(z) = 10*z - 3. Calculate k(n).
17
Let o(m) = -2*m**2 + 4*m + 4. Suppose -64*g - 66 = -97*g. Give o(g).
4
Let b = -12 + 14. Let z(r) = 31*r - r**3 + r**2 - 8*r**b + r**2 + 3 - 36*r. Suppose -4*h + 2*m - m - 18 = 0, -m + 14 = -3*h. Give z(h).
-9
Let r(u) be the third derivative of -u**6/120 + u**5/10 - u**4/4 + u**3/3 - 4*u**2 - 16. Suppose 31*q - 27*q - 20 = 0. Calculate r(q).
-3
Let f(c) = -c**3 + 4*c**2 - 4*c + 2. Let u be f(2). Let v be u + (1 - -1) + -1. Let r(x) = x + 2*x**3 + v - 4*x**2 - x**3 + 3 - 2. Determine r(4).
8
Let v(q) be the third derivative of q**5/30 + q**4/24 - q**3/3 + 32*q**2. Suppose 2*k - k - 5*z = 30, 4*z + 20 = 0. Let f = k + -8. Determine v(f).
13
Let l(p) = -3*p - 38. Let s be l(-14). Suppose 0 = -2*k + s*k - 4. Let h(x) = 7*x - 3. Calculate h(k).
11
Suppose 385 = 8*g + 40*g + 1. Let y(r) = 4*r**2 - 3*r**2 + 5 + 0*r**2 - 9*r. What is y(g)?
-3
Let q(i) be the second derivative of -i**4/12 - i**3 - 13*i**2/2 - 707*i. Give q(-11).
-68
Let a(f) = -2*f**3 - 8*f**2 - f - 4. Let k be a(-4). Let o(b) = -b**3 + 7. Give o(k).
7
Let v(a) = -8961*a**2 + 8974*a**2 + 14 - a**3 + 2*a + 11*a. Calculate v(14).
0
Let x(r) = -1. Let z(a) = a**2 + 6 - 5*a + 5 + 0. Let v(n) = 6*x(n) + z(n). Calculate v(4).
1
Suppose 34 = -2*g - k + 4*k, -k = 3*g + 51. Let a(o) = 2*o + 34. Determine a(g).
0
Let s(b) be the first derivative of -b**4/4 + 11*b**3/3 + b**2 - 10*b - 711. Determine s(11).
12
Let o(z) be the first derivative of z**3/3 + 9*z**2/2 - 13*z + 97. Determine o(-11).
9
Let r(c) = 8*c**2 + 57*c + 12. Let p(v) = -7*v**2 - 55*v - 12. Let y(o) = 4*p(o) + 3*r(o). Determine y(-12).
0
Let z(v) = -v**3 - 5*v**2 + 7*v + 9. Let m be z(-6). Let h(c) = 4 + 7*c**2 - m*c**2 + 5*c - 3*c**2. Give h(-3).
-2
Let i(z) = 11*z - 7. Let x(f) = -4*f + 3. Let u(q) = -2*i(q) - 5*x(q). Determine u(-1).
1
Suppose 8*s = 61 - 53. Let k(h) = 8*h**3 + 2*h - 1. Give k(s).
9
Let h(z) = z**2 + 2*z. Let a(u) = u - 14. Let x be a(19). Suppose -x*f = 3*k + 22, -2*k - 3*f = 2*k + 22. Calculate h(k).
8
Let l(y) = -4 + y**3 + y - 9*y**2 + 6 - 4*y + 5*y**2. What is l(3)?
-16
Let s(x) = x**3 + 2*x**2 + 4*x + 5. Let i(f) = -6*f**3 - 10*f**2 - 21*f - 24. Let g(h) = 2*i(h) + 11*s(h). What is g(0)?
7
Suppose 0*k = -5*k + 10. Suppose 5*o = 5*u - 90, k*o + u = 5*o + 48. Let d = -8 - o. Let a(g) = g - 3. What is a(d)?
4
Let f(s) = -4*s + 3. Suppose 7 = 164*i - 165*i. Let g(v) = -2*v + 2. Let n(m) = i*g(m) + 3*f(m). Determine n(7).
9
Let o(m) = -m**3 + 2*m + 1. Let u(q) = 4*q**3 - 7*q**2 - 15*q - 1. Let h(j) = -5*o(j) - u(j). Give h(-6).
2
Let b = 60 + -67. Let m(p) = p**3 + 6*p**2 - 2*p + 37. Determine m(b).
2
Let y(i) be the second derivative of -i**3/2 - i**2 - 133*i. Determine y(-5).
13
Let g be (-469)/(-21) - (-4)/6. Let w = -21 + g. Let o(i) = 210*i**2 + 5 - 4 - 4*i**3 - 211*i**w. What is o(1)?
-4
Let r(b) be the third derivative of b**4/24 + b**3/3 + b**2 + 1. Calculate r(-8).
-6
Suppose -3 = -3*v, 2*d + 0*v + 3 = -3*v. Let q(b) = -b**2 + 4*b + 14. Let l be q(6). Let w(j) = j**3 + 2 + 0*j**l + j**2 - j - 2*j + j**2. Calculate w(d).
2
Let w be 2/3 + (-5)/(-15) + -6. Let j(u) = -2*u**2 - 5*u + 4. Determine j(w).
-21
Suppose -4*i - i = 0. Let h(s) = -2 + 0 + 6*s - 5*s - 1. What is h(i)?
-3
Let n = -100 - -103. Let q(o) = -o**2. Let i(x) = 4*x**2 - 4*x + 3. Suppose 0*r - 1 = r. Let g(k) = r*i(k) - 3*q(k). What is g(n)?
0
Let h(p) = -p**3 - 8*p**2 - 5*p - 1. Let b(u) = -u**3 - u**2 - 2*u. Let g(d) = 2*b(d) - h(d). Calculate g(5).
31
Let u(o) = o**2 - 6*o - 6. Let b be u(7). Let w(v) = 13*v + 2*v**2 + v**3 + b - 27*v + 10*v. What is w(-4)?
-15
Suppose -2*j - i + 0 = -1, 0 = 2*j - 5*i - 7. Let k(h) = 0 + j + 3*h - 4*h + 7. What is k(5)?
3
Let h(u) = u**3 + 9*u**2 - 3*u - 13. Suppose 144*y + 27 = 141*y. Give h(y).
14
Let k(b) = -b**2 + b + 1. Let c be 12*(-3)/(-12)*2. Suppose 5*h = -c - 4. Let s(j) = -3*j**2 - 3*j + 4. Let z(x) = h*k(x) + s(x). Determine z(-4).
6
Let t(x) = 3*x + 10. Suppose -55*n = -72*n - 170. Determine t(n).
-20
Let f(m) be the second derivative of -m**4/12 + m**3 + 7*m**2/2 - 1007*m. Give f(6).
7
Let m(k) = -179*k**3 - 10*k**2 + 103*k**3 + 75*k**3 + 10 + 14*k. What is m(-11)?
-23
Let x(c) = c + 2. Let s be (76/(-6))/2 + (-1)/(-3). Let a(l) = -l**3 - 5*l**2 + 7*l + 1. Let y be a(s). Calculate x(y).
-3
Let f(s) be the second derivative of -s**3/3 + 3*s**2/2 + 302*s. Calculate f(-12).
27
Let x(u) be the second derivative of -u**5/20 - u**4/2 + 4*u**3/3 + 3*u**2/2 - u. Suppose -53 = 2*h + 3*f - 39, 28 = -4*h + 4*f. What is x(h)?
-4
Suppose -2*m + 88 = 2*j - 4*m, 2*j = -2*m + 84. Let o = j - 47. Let x(h) = 2*h - 2. Determine x(o).
-10
Let l(j) = 61 + 57 - 196 - 2*j**2 + 77 + 2*j. Let k(d) = d - 2. Let u be k(4). Let o = u + -1. Give l(o).
-1
Let a(y) = 10*y**2 - 9*y**2 + 3*y - 2 + 5. Let t(m) = -m**2 + 13*m + 29. Let p be t(17). Let v = p + 36. Determine a(v).
3
Let b(n) = -3*n - 1. Let w(l) = -l**2 + 18*l + 1. Let f(d) = -3*b(d) - w(d). Determine f(8).
-6
Let r(c) be the second derivative of c**5/120 + 5*c**4/24 - c**3/6 + 9*c. Let g(z) be the second derivative of r(z). What is g(0)?
5
Let x(m) = -m**3 + 11*m**2 + 11*m + 14. Let v(h) = 5*h - 123. Let w be v(27). Determine x(w).
2
Let i(l) = -l**2 - l + 1. Let w(q) = 4*q + 3*q**2 + 0 + q**3 - 2*q + 0 + 5. Let b(o) = -2*i(o) + w(o). Give b(-4).
3
Let d(x) = 5*x + 8. Let t(b) = b + 2. Let z(u) = -d(u) + 4*t(u). Calculate z(-1).
1
Suppose -5*p - 4 = -3*v - 1, 2*p - v = -1. Let s(d) = d**3 - d**2 - d - 9. Give s(p).
-9
Let i be (-2)/3*(-3)/2. 